ppose -175 - 113 = -2*d. Suppose -4*n = f - u, -2*f - d = -5*n - 20. What is the units digit of n?
6
Let b be ((-2)/(-6))/(3/(-18)). Suppose 0 = 3*a - 4*h + h - 15, h - 4 = -2*a. What is the units digit of (a/b)/(1/(-24))?
6
Let c = 4 - 8. What is the tens digit of c + 228/4 + -3?
5
Let l(t) = 21*t**2 - 4*t + 2. Let w be l(-2). Suppose 0 = 2*n - w - 218. What is the hundreds digit of n?
1
Let a = -597 - -797. What is the units digit of a?
0
Let b = 33 + -29. Suppose -5*o - b*m = -3*m - 165, -o + 33 = 4*m. What is the tens digit of o?
3
Suppose 0 = -3*j + 31 + 116. Let i = j - -11. What is the tens digit of i?
6
Suppose 0 = -3*o + 2846 + 1903. What is the units digit of o?
3
Let j(d) = -d**3 - d**2 + 2*d. Let f be j(0). Suppose f*t = -5*t + 375. What is the tens digit of t?
7
Suppose 513 = -4*m + 201. Let l = m - -99. What is the units digit of l?
1
Let h = -204 - -1468. What is the units digit of h?
4
Let n = -57 - -59. Suppose -4*m = -k - 885, n*k = -2*m + 333 + 97. What is the units digit of m?
0
Let a(r) = -3*r**2 - 25*r + 2. Let l be a(-8). Suppose -5*j = m - 462, -4*m - 2 = l. What is the units digit of j?
3
Let w = 2 - 2. Suppose 15 = -2*k + 3*c - w, -4*k + 4*c = 20. Suppose k*b - 94 = -2*b. What is the tens digit of b?
4
Let i(z) = -63*z - 28. What is the hundreds digit of i(-8)?
4
Suppose d - 143 = 2*g + g, -4*g - 4 = 0. What is the tens digit of d?
4
Let n(b) = b**3 - 2*b**2 + b. Let d be n(2). Suppose d*f + 18 = 5*f. Suppose -f = -0*w - w. What is the units digit of w?
6
Let x be 1*((-3 - 0) + 1). What is the units digit of 0 - ((-1)/x)/(9/(-108))?
6
Let f be (4/(-3))/((-2)/(-3)). Let l be f*(-1)/(-2) - -77. Let d = 137 - l. What is the tens digit of d?
6
Let g(r) = -r**2 + 10*r - 4. Let q be g(9). Suppose -q*k = -k + 4. What is the tens digit of ((-4)/(-2) + -29)*k?
2
Let u be ((-3)/2)/(3/(-18)). Suppose 25*h - u*h = 4464. What is the units digit of h?
9
Let m = -12 - -20. Let b(p) = -3*p - 4. Let g be b(m). Let d = 50 + g. What is the units digit of d?
2
Let t(f) = 3*f - 6. Let v(j) = 8*j - 17. Let i(w) = 11*t(w) - 4*v(w). Suppose 18*k = 8 - 26. What is the units digit of i(k)?
1
Suppose -6 = 5*c - 66. Let p be (-3)/c + (-9)/(-4). Suppose -p*z = -z - 11. What is the units digit of z?
1
What is the units digit of ((-6656)/(-6))/(23/69)?
8
Let u(k) = 9*k**2 + 14*k - 93. Let l be u(7). Let y = -177 + l. What is the units digit of y?
9
Let o(j) = j**3 + j**2. Let b(z) = -4*z**3 - 12*z**2 + 6*z - 14. Let n(s) = b(s) + 3*o(s). What is the tens digit of n(-10)?
2
Let v(m) = 5*m + 11. Suppose 5*o + 41 = 121. What is the tens digit of v(o)?
9
Let q(g) = g**3 + 12*g**2 + 9*g - 9. Let s be q(-11). Suppose -5*c - 5*y = -3 + 18, -5*c - 4*y = s. Let p(j) = -18*j + 1. What is the units digit of p(c)?
9
Suppose -1 = -z, 632 = -w + 3*z - 5*z. Let p be w/(-4) - 5/(-2). What is the tens digit of p/7 + (6 - 3)?
2
What is the units digit of 2 - 1 - -3 - (97 - 372)?
9
Let z be (3*(-6)/(-18))/((-2)/(-3236)). What is the hundreds digit of (-6)/(-36) + z/12?
1
Let s(w) = w**2 + 17*w + 32. Let n be s(-15). What is the units digit of (12/(n + 0))/((-3)/(-54))?
8
Let d(v) = 23*v + 130. What is the hundreds digit of d(13)?
4
Suppose 3 = 8*c - 13. Suppose 3*b = -z + 5*b, -b = -5*z + 36. Suppose -2*g = c*g - z. What is the units digit of g?
2
What is the tens digit of (-356)/((-21)/((-2457)/(-12)))?
7
Suppose 5*n = -2*g - 416, -4*n + 4*g - 176 = -2*n. Let w = 160 + n. Suppose -3*c + w = -98. What is the units digit of c?
8
Suppose 4*m + 0*d - 818 = 2*d, 3*m - 616 = d. What is the units digit of m?
7
Let f(h) be the second derivative of -h**4/4 + 35*h**3/6 + 9*h**2/2 + 17*h. What is the tens digit of f(11)?
3
Suppose 0 = 23*g - 52*g + 30189. What is the tens digit of g?
4
Suppose 0 = z + 2*l - 59, -3*z + 5*l + 157 = l. Let b = 22 + z. What is the tens digit of b?
7
Suppose 0 = -6*u + 2466 + 90. What is the units digit of u?
6
Let n(s) = 13*s**2 + s. Let o be n(1). Let r = o + -10. Suppose -h + 5*t = -11, -t - r = t. What is the units digit of h?
1
Suppose -2*o + 16 = 2*o. Suppose -109 = -o*u + 39. Let p = u - 18. What is the units digit of p?
9
Let n(c) = -12*c + 58. Let z be n(5). Suppose -5*y = -0*y + 75. What is the units digit of (9/y)/(z/10)?
3
Let x be 0/((-1 + -2)/(-3)). Suppose -3*p + p + 162 = x. Suppose -2*w + 5*w - p = 0. What is the units digit of w?
7
Let c be (0 + -4)*(-10)/(-4). Let k be ((-4)/c)/(5/75). Suppose m - 26 = -4*a - 0*m, -2*a + 3*m + k = 0. What is the units digit of a?
6
Suppose 4*c - 13 = 7. Suppose -c*q = 4*s - 691, 3*q - s = -q + 557. What is the hundreds digit of q?
1
Let n(f) = -10*f + 1524. What is the units digit of n(0)?
4
Let k be (-20)/(-25)*15/6. Suppose 16 = 3*h - h - 4*n, -8 = -5*h + k*n. Suppose -r + 2*q + 29 = h, -2*r + 6*q - 5*q + 55 = 0. What is the tens digit of r?
2
Let v(g) = -3*g**3 + 3*g**2 - 18*g - 42. What is the units digit of v(-4)?
0
What is the tens digit of (14 + -13)/((-3)/(-1284))?
2
Let y(n) = 8*n - 64. Let x(l) = 4*l - 32. Let h(u) = -11*x(u) + 6*y(u). What is the units digit of h(11)?
2
Let y(n) = -n**2 - 6*n - 4. Let m be y(-4). Suppose -m*v = -11 - 1. Suppose v*x - 11 = 16. What is the units digit of x?
9
Suppose -14*f - 804 = -15*f. What is the tens digit of f?
0
Let m(l) = 2*l**2 + 21*l - 7. Let v be m(-11). Suppose 0 = 6*w - 7*w + v. What is the units digit of w?
4
Let b(x) = -x**2 + 13*x + 8. Let h(y) = -2*y**2 + 27*y + 16. Let r(s) = -7*b(s) + 3*h(s). Suppose 9 = 2*l - 5*q - 13, -4*q = 0. What is the units digit of r(l)?
3
Suppose 3*d = 12, -4*w - 14*d = -11*d - 1384. What is the hundreds digit of w?
3
Let l = -16 + 16. Let u be 7/14*(-2 - l). What is the units digit of (u - (-6)/4)*10?
5
Let u be (-86)/(-12) + 6/(-36). Suppose 0 = 3*z - 12, 5*z + 24 = f - u. What is the units digit of f?
1
Let h = 1 + 2. Let s be (-3 - -1) + h - -57. Suppose 4*t - s = -5*z, t + 40 = 3*z - 5. What is the tens digit of z?
1
Suppose -5*i + 3 = -4*i. Suppose -2*t + 0*t = -3*x - 129, 5*x = -i*t + 203. What is the tens digit of t?
6
Suppose 8*c = 14 + 34. Suppose 2*g = c, -5*g + 3*g = 3*y - 504. What is the tens digit of y?
6
Let f = 426 - 266. Suppose -2*b + f = k, -3*k = -b - 0*k + 87. What is the units digit of b?
1
Let x = 3564 + 387. What is the tens digit of x?
5
What is the tens digit of ((-5825)/(-3) - 1) + 64/(-96)?
4
Let t(j) = 2395*j**3 - 2*j**2 + 2*j - 1. Let o be t(1). Let y be ((-1)/3)/((-21)/o). What is the tens digit of 1*-4 + (y - -9)?
4
What is the hundreds digit of ((-82)/3)/(6/(-81))?
3
Suppose 2046 - 12414 = -8*t. Suppose -8*d + 5*d = -5*m + t, -4*m + 2*d + 1038 = 0. What is the hundreds digit of m?
2
Suppose -2*n + 4*n + 24 = 0. What is the hundreds digit of 4/(-16) + (-2451)/n + 2?
2
Let w = 1045 + -402. Suppose w = 2*v + 2*v + 3*y, 3*v - 2*y - 495 = 0. Suppose 5*q - 259 = 2*t, q - v = -2*q + 5*t. What is the tens digit of q?
5
Let t(c) = -175*c**3 - 3*c - 4. What is the units digit of t(-1)?
4
Let x be (-3 - 0/(-3)) + 4. Suppose 8*a = x - 41. What is the units digit of (2/a)/((-2)/290)?
8
Suppose -51 = 5*z + 119. Let r = 67 + z. What is the tens digit of r?
3
What is the hundreds digit of (-1)/4 + 236918/88?
6
Let q = 642 + -65. What is the hundreds digit of q?
5
Let s = -6 - -6. Let n(t) = 4*t**3 + 9*t**2 + s*t**2 + 3 + 7*t - 3*t**3. What is the units digit of n(-8)?
1
Let r(t) = 69*t + 774. What is the units digit of r(7)?
7
What is the units digit of 1019 - (-8 - -2) - 1?
4
Let c(w) be the first derivative of 31*w**3/3 - 6*w**2 - 12*w + 1. What is the units digit of c(-1)?
1
Suppose -3071 = -s + 2*x, -3074 = s - 2*s - x. What is the thousands digit of s?
3
Suppose 4*a - 4*r + 17 = -19, -4*r + 40 = -5*a. Let w be 30 - (0 - (-3 - a)). What is the tens digit of (-1)/((-1)/w) + -2?
2
Let a = -183 - -342. Suppose 33 = -3*b + a. What is the units digit of b?
2
Suppose -5*t - 5 - 15 = 0. Let k be -1*(t + 20/(-4)). Let j(f) = f**2 - 8*f + 13. What is the units digit of j(k)?
2
Let w be 84/(-63) + (-13)/(-3). Suppose -w*l = 92 - 536. What is the hundreds digit of l?
1
Let d(y) = -2*y + 11. Suppose -23 - 4 = -3*a. Let z be d(a). Let t(v) = -v**3 - 6*v**2 + 3*v + 4. What is the tens digit of t(z)?
3
Suppose 4*r - 2 = 3*l - 15, 5*r - 1 = -2*l. Suppose 0*z - 466 = -l*d + z, -4*z - 16 = 0. What is t